{"id":3441,"date":"2021-10-14T15:08:19","date_gmt":"2021-10-14T13:08:19","guid":{"rendered":"http:\/\/latelierdelabarbastelle.fr\/?page_id=3441"},"modified":"2023-03-15T12:20:02","modified_gmt":"2023-03-15T11:20:02","slug":"accueil","status":"publish","type":"page","link":"http:\/\/latelierdelabarbastelle.fr\/","title":{"rendered":"Accueil"},"content":{"rendered":"[vc_row center_bck_image=\u00a0\u00bbno\u00a0\u00bb el_id=\u00a0\u00bbhome_part_1&Prime;][vc_column][vc_column_text][\/vc_column_text][\/vc_column][\/vc_row][vc_row center_bck_image=\u00a0\u00bbno\u00a0\u00bb][vc_column][vc_column_text]\n<blockquote>\n<h4 style=\"text-align: center;\"><strong>\u00ab\u00a0Tout est une question de temps, d&rsquo;eau, de<\/strong><br \/>\n<strong>terre et de chaleur. La main de l&rsquo;artisan n&rsquo;est<\/strong><br \/>\n<strong>l\u00e0 que pour proposer une forme \u00e0 la terre.\u00a0\u00bb<\/strong><\/h4>\n<\/blockquote>\n[\/vc_column_text][\/vc_column][\/vc_row][vc_row center_bck_image=\u00a0\u00bbno\u00a0\u00bb][vc_column][vc_empty_space][vc_column_text]L&rsquo;atelier est n\u00e9 dans le Jura en 2020 d&rsquo;une envie de cr\u00e9er avec les mains, une envie d&rsquo;ind\u00e9pendance et de libert\u00e9. Sont venus ensuite des d\u00e9sirs de partages, de discussions, d&rsquo;\u00e9changes et de dynamiques. Certaines de ces aspirations se concr\u00e9tisent tous les jours ; les autres s&rsquo;incarneront dans l&rsquo;avenir ou \u00e9volueront vers de nouvelles formes.<\/p>\n<p>Toutes ces envies tournent autour de la terre et fa\u00e7onnent l&rsquo;atelier de la barbastelle. Au-del\u00e0 de l&rsquo;espace de cr\u00e9ation, c&rsquo;est aussi un lieu de vie, de rencontres et de partage des connaissances qui sait se faire itin\u00e9rant : le stand se d\u00e9place alors sur les march\u00e9s ou dans les boutiques d&rsquo;artisans.<\/p>\n<p>&nbsp;<\/p>\n<h5 style=\"text-align: center;\">Bienvenue et bonne d\u00e9couverte de l&rsquo;atelier de la barbastelle:<\/h5>\n<h5 style=\"text-align: center;\">Atelier de poterie en Petite Montagne du Jura !!!<\/h5>\n[\/vc_column_text][\/vc_column][\/vc_row][vc_row center_bck_image=\u00a0\u00bbno\u00a0\u00bb][vc_column][vc_empty_space]<div class=\"eltd-interactive-images eltd-ii-three-columns eltd-appear-effect  eltd-one-by-one\" ><div class=\"eltd-interactive-image-holder\">\n\t<div class=\"eltd-interactive-image\">\n\t\t\t\t\t<a href=\"http:\/\/latelierdelabarbastelle.fr\/index.php\/creations\/\" target=\"_blank\"><\/a>\n\t\t\t\t<div class=\"eltd-interactive-image-inner\">\n\t\t\t<div class=\"eltd-ii-front-holder\">\n                <img \tclass=\"eltd-lazy-image\" \n                \t\tsrc=\"#\" \n                \t\talt=\"http:\/\/palourde%20bleu\" \n                \t\tdata-image=\"http:\/\/latelierdelabarbastelle.fr\/wp-content\/uploads\/2022\/01\/palourde-bleu.jpg\" style=\"width:1240px;height:1px\"                \t\tdata-ratio=\"1.4145161290323\" \n                \t\tdata-lazy=\"true\" \/>\n\t\t\t<\/div>\n\t\t\t<div class=\"eltd-ii-back-holder\" >\n\t\t\t\t<div class=\"eltd-ii-back-holder-inner\">\n\t\t\t\t\t<h3 class=\"eltd-ii-title\" >Cr\u00e9ations<\/h3>\n\t\t\t\t\t<p class=\"eltd-ii-tagline\" ><\/p>\n\t\t\t\t<\/div>\n\t\t\t\t<div class=\"eltd-ii-back-holder-image eltd-lazy-image\" data-image=\"http:\/\/latelierdelabarbastelle.fr\/wp-content\/uploads\/2022\/01\/palourde-bleu.jpg\" data-lazy='true'><\/div>\n\t\t\t<\/div>\n\t\t<\/div>\n\t<\/div>\n<\/div><div class=\"eltd-interactive-image-holder\">\n\t<div class=\"eltd-interactive-image\">\n\t\t\t\t\t<a href=\"http:\/\/latelierdelabarbastelle.fr\/index.php\/latelier\/\" target=\"_blank\"><\/a>\n\t\t\t\t<div class=\"eltd-interactive-image-inner\">\n\t\t\t<div class=\"eltd-ii-front-holder\">\n                <img \tclass=\"eltd-lazy-image\" \n                \t\tsrc=\"#\" \n                \t\talt=\"\" \n                \t\tdata-image=\"http:\/\/latelierdelabarbastelle.fr\/wp-content\/uploads\/2021\/12\/tour-blackwhite.jpg\" style=\"width:756px;height:1px\"                \t\tdata-ratio=\"0.75529100529101\" \n                \t\tdata-lazy=\"true\" \/>\n\t\t\t<\/div>\n\t\t\t<div class=\"eltd-ii-back-holder\" >\n\t\t\t\t<div class=\"eltd-ii-back-holder-inner\">\n\t\t\t\t\t<h3 class=\"eltd-ii-title\" >L&#039;atelier<\/h3>\n\t\t\t\t\t<p class=\"eltd-ii-tagline\" ><\/p>\n\t\t\t\t<\/div>\n\t\t\t\t<div class=\"eltd-ii-back-holder-image eltd-lazy-image\" data-image=\"http:\/\/latelierdelabarbastelle.fr\/wp-content\/uploads\/2021\/12\/tour-blackwhite.jpg\" data-lazy='true'><\/div>\n\t\t\t<\/div>\n\t\t<\/div>\n\t<\/div>\n<\/div><div class=\"eltd-interactive-image-holder\">\n\t<div class=\"eltd-interactive-image\">\n\t\t\t\t\t<a href=\"http:\/\/latelierdelabarbastelle.fr\/index.php\/actualites\/\" target=\"_blank\"><\/a>\n\t\t\t\t<div class=\"eltd-interactive-image-inner\">\n\t\t\t<div class=\"eltd-ii-front-holder\">\n                <img \tclass=\"eltd-lazy-image\" \n                \t\tsrc=\"#\" \n                \t\talt=\"http:\/\/stand\" \n                \t\tdata-image=\"http:\/\/latelierdelabarbastelle.fr\/wp-content\/uploads\/2022\/02\/stand-scaled.jpg\" style=\"width:2560px;height:1px\"                \t\tdata-ratio=\"0.75\" \n                \t\tdata-lazy=\"true\" \/>\n\t\t\t<\/div>\n\t\t\t<div class=\"eltd-ii-back-holder\" >\n\t\t\t\t<div class=\"eltd-ii-back-holder-inner\">\n\t\t\t\t\t<h3 class=\"eltd-ii-title\" >Actualit\u00e9s<\/h3>\n\t\t\t\t\t<p class=\"eltd-ii-tagline\" ><\/p>\n\t\t\t\t<\/div>\n\t\t\t\t<div class=\"eltd-ii-back-holder-image eltd-lazy-image\" data-image=\"http:\/\/latelierdelabarbastelle.fr\/wp-content\/uploads\/2022\/02\/stand-scaled.jpg\" data-lazy='true'><\/div>\n\t\t\t<\/div>\n\t\t<\/div>\n\t<\/div>\n<\/div><\/div>[\/vc_column][\/vc_row]\n","protected":false},"excerpt":{"rendered":"<p>[vc_row center_bck_image=\u00a0\u00bbno\u00a0\u00bb el_id=\u00a0\u00bbhome_part_1&Prime;][vc_column][vc_column_text][\/vc_column_text][\/vc_column][\/vc_row][vc_row center_bck_image=\u00a0\u00bbno\u00a0\u00bb][vc_column][vc_column_text] \u00ab\u00a0Tout est une question de temps, d&rsquo;eau, de terre et de chaleur. La main de l&rsquo;artisan n&rsquo;est l\u00e0 que pour proposer une forme \u00e0 la terre.\u00a0\u00bb [\/vc_column_text][\/vc_column][\/vc_row][vc_row center_bck_image=\u00a0\u00bbno\u00a0\u00bb][vc_column][vc_empty_space][vc_column_text]L&rsquo;atelier est n\u00e9 dans le Jura en 2020 d&rsquo;une envie de cr\u00e9er avec les&#8230;<\/p>\n","protected":false},"author":1,"featured_media":0,"parent":0,"menu_order":0,"comment_status":"closed","ping_status":"closed","template":"","meta":{"footnotes":""},"class_list":["post-3441","page","type-page","status-publish","hentry"],"_links":{"self":[{"href":"http:\/\/latelierdelabarbastelle.fr\/index.php\/wp-json\/wp\/v2\/pages\/3441","targetHints":{"allow":["GET"]}}],"collection":[{"href":"http:\/\/latelierdelabarbastelle.fr\/index.php\/wp-json\/wp\/v2\/pages"}],"about":[{"href":"http:\/\/latelierdelabarbastelle.fr\/index.php\/wp-json\/wp\/v2\/types\/page"}],"author":[{"embeddable":true,"href":"http:\/\/latelierdelabarbastelle.fr\/index.php\/wp-json\/wp\/v2\/users\/1"}],"replies":[{"embeddable":true,"href":"http:\/\/latelierdelabarbastelle.fr\/index.php\/wp-json\/wp\/v2\/comments?post=3441"}],"version-history":[{"count":78,"href":"http:\/\/latelierdelabarbastelle.fr\/index.php\/wp-json\/wp\/v2\/pages\/3441\/revisions"}],"predecessor-version":[{"id":11346,"href":"http:\/\/latelierdelabarbastelle.fr\/index.php\/wp-json\/wp\/v2\/pages\/3441\/revisions\/11346"}],"wp:attachment":[{"href":"http:\/\/latelierdelabarbastelle.fr\/index.php\/wp-json\/wp\/v2\/media?parent=3441"}],"curies":[{"name":"wp","href":"https:\/\/api.w.org\/{rel}","templated":true}]}}